{"id":127,"date":"2025-02-18T08:42:56","date_gmt":"2025-02-18T07:42:56","guid":{"rendered":"https:\/\/labo.agencenemo.fr\/BDM\/?page_id=127"},"modified":"2025-02-18T12:39:34","modified_gmt":"2025-02-18T11:39:34","slug":"actualites","status":"publish","type":"page","link":"https:\/\/labo.agencenemo.fr\/BDM\/?page_id=127","title":{"rendered":"Actualit\u00e9s"},"content":{"rendered":"<section class=\"l-section wpb_row us_custom_8b3d6790 has_text_color height_auto width_custom\" style=\"--site-content-width:900px;\"><div class=\"l-section-overlay\" style=\"background:var(--color-content-primary)\"><\/div><div class=\"l-section-h i-cf\"><div class=\"g-cols vc_row via_grid cols_1 laptops-cols_inherit tablets-cols_inherit mobiles-cols_1 valign_top type_default stacking_default\"><div class=\"wpb_column vc_column_container\"><div class=\"vc_column-inner\"><div class=\"w-separator size_small\"><\/div>[vc_custom_heading text=\u00a0\u00bbNos Actualit\u00e9s\u00a0\u00bb font_container=\u00a0\u00bbtag:h1|text_align:left\u00a0\u00bb use_theme_fonts=\u00a0\u00bbyes\u00a0\u00bb css=\u00a0\u00bb%7B%22default%22%3A%7B%22margin-bottom%22%3A%220px%22%2C%22padding-bottom%22%3A%220px%22%7D%7D\u00a0\u00bb][vc_custom_heading text=\u00a0\u00bbRestez Inform\u00e9 sur l\u2019Univers de l\u2019Impression\u00a0\u00bb css=\u00a0\u00bb%7B%22default%22%3A%7B%22font-family%22%3A%22Roboto%20Condensed%22%2C%22font-weight%22%3A%22100%22%2C%22margin-top%22%3A%220px%22%2C%22padding-top%22%3A%220px%22%7D%7D\u00a0\u00bb]<\/div><\/div><\/div><\/div><\/section><section class=\"l-section wpb_row us_custom_8b3d6790 has_text_color height_auto width_custom\" style=\"--site-content-width:900px;\"><div class=\"l-section-overlay\" style=\"background:var(--color-content-primary)\"><\/div><div class=\"l-section-h i-cf\"><div class=\"g-cols vc_row via_grid cols_1 laptops-cols_inherit tablets-cols_inherit mobiles-cols_1 valign_top type_default stacking_default\"><div class=\"wpb_column vc_column_container\"><div class=\"vc_column-inner\"><div class=\"w-separator size_small\"><\/div><div class=\"wpb_text_column\"><div class=\"wpb_wrapper\"><div>\n<p><span>Bienvenue sur le<\/span><span class=\"apple-converted-space\"><span>\u00a0<\/span><\/span><strong><span>blog de BDM Imprimeurs<\/span><\/strong><span>, votre espace d\u00e9di\u00e9 \u00e0 l\u2019<strong>actualit\u00e9 du monde de l\u2019impression<\/strong>, aux<\/span><span class=\"apple-converted-space\"><span>\u00a0<\/span><\/span><strong><span>conseils d\u2019experts<\/span><\/strong><span class=\"apple-converted-space\"><span>\u00a0<\/span><\/span><span>et aux<\/span><span class=\"apple-converted-space\"><span>\u00a0<\/span><\/span><strong><span>derni\u00e8res innovations technologiques<\/span><\/strong><span>.<\/span><\/p>\n<\/div>\n<div><span>Que vous soyez professionnel du secteur, entrepreneur ou simplement curieux d\u2019en savoir plus sur les <\/span><strong><span>meilleures pratiques en impression<\/span><\/strong><span>, nous partageons ici notre expertise pour vous aider \u00e0 optimiser vos supports et faire les meilleurs choix pour vos projets.<\/span><\/div>\n<\/div><\/div><div class=\"w-separator size_medium\"><\/div><\/div><\/div><\/div><\/div><\/section><section class=\"l-section wpb_row height_medium\"><div class=\"l-section-h i-cf\"><div class=\"g-cols vc_row via_grid cols_1 laptops-cols_inherit tablets-cols_inherit mobiles-cols_1 valign_middle type_default stacking_default\"><div class=\"wpb_column vc_column_container\"><div class=\"vc_column-inner\"><div class=\"w-grid type_grid layout_175 cols_3 overflow_hidden\" id=\"us_grid_1\" style=\"--columns:3;--gap:1rem;\" data-filterable=\"true\"><style>@media (max-width:1024px){#us_grid_1{--columns:2!important}}@media (max-width:600px){#us_grid_1{--columns:1!important}}.layout_175 .w-grid-item-h{background:var(--color-content-bg);color:var(--color-content-text);border-radius:0.3rem;box-shadow:0 0.03rem 0.06rem rgba(0,0,0,0.1),0 0.1rem 0.3rem rgba(0,0,0,0.1);transition-duration:0.3s}.no-touch .layout_175 .w-grid-item-h:hover{box-shadow:0 0.1rem 0.2rem rgba(0,0,0,0.1),0 0.33rem 1rem rgba(0,0,0,0.15);z-index:4}.layout_175 .usg_post_image_1{margin-bottom:-2rem!important}.layout_175 .usg_post_title_1{font-size:1.6rem!important;line-height:1!important;font-weight:700!important}.layout_175 .usg_vwrapper_1{margin-top:2rem!important;padding:9% 11% 11% 11%!important}@media (max-width:600px){.layout_175 .usg_post_title_1{font-size:1.2rem!important}}<\/style><div class=\"w-grid-list\">\t<article class=\"w-grid-item size_1x1 post-589 post type-post status-publish format-standard has-post-thumbnail hentry category-non-classe\" data-id=\"589\">\r\n\t\t<div class=\"w-grid-item-h\">\r\n\t\t\t\t\t\t<div class=\"w-post-elm post_image usg_post_image_1 stretched\"><a href=\"https:\/\/labo.agencenemo.fr\/BDM\/?p=589\" aria-label=\"Le flyer A5 : le support incontournable pour une communication percutante\"><img loading=\"lazy\" decoding=\"async\" width=\"784\" height=\"959\" src=\"https:\/\/labo.agencenemo.fr\/BDM\/wp-content\/uploads\/2025\/10\/Capture-decran-2025-10-20-a-13.58.39.png\" class=\"attachment-large size-large wp-post-image\" alt=\"\" srcset=\"https:\/\/labo.agencenemo.fr\/BDM\/wp-content\/uploads\/2025\/10\/Capture-decran-2025-10-20-a-13.58.39.png 784w, https:\/\/labo.agencenemo.fr\/BDM\/wp-content\/uploads\/2025\/10\/Capture-decran-2025-10-20-a-13.58.39-245x300.png 245w\" sizes=\"auto, (max-width: 784px) 100vw, 784px\" \/><\/a><\/div><div class=\"w-vwrapper usg_vwrapper_1 align_none valign_top\"><h3 class=\"w-post-elm post_title usg_post_title_1 entry-title color_link_inherit\"><a href=\"https:\/\/labo.agencenemo.fr\/BDM\/?p=589\">Le flyer A5 : le support incontournable pour une communication percutante<\/a><\/h3><div class=\"w-post-elm post_content usg_post_content_1\">Compact, clair et efficace, le flyer A5 reste l\u2019un des outils les plus performants pour faire passer un message rapidement\u2026<\/div><\/div>\t\t<\/div>\r\n\t\t\t<\/article>\r\n\t<article class=\"w-grid-item size_1x1 post-586 post type-post status-publish format-standard has-post-thumbnail hentry category-non-classe\" data-id=\"586\">\r\n\t\t<div class=\"w-grid-item-h\">\r\n\t\t\t\t\t\t<div class=\"w-post-elm post_image usg_post_image_1 stretched\"><a href=\"https:\/\/labo.agencenemo.fr\/BDM\/?p=586\" aria-label=\"Le d\u00e9pliant 3 volets : un support clair, compact et valorisant\"><img loading=\"lazy\" decoding=\"async\" width=\"987\" height=\"895\" src=\"https:\/\/labo.agencenemo.fr\/BDM\/wp-content\/uploads\/2025\/10\/Capture-decran-2025-10-20-a-13.58.48.png\" class=\"attachment-large size-large wp-post-image\" alt=\"\" srcset=\"https:\/\/labo.agencenemo.fr\/BDM\/wp-content\/uploads\/2025\/10\/Capture-decran-2025-10-20-a-13.58.48.png 987w, https:\/\/labo.agencenemo.fr\/BDM\/wp-content\/uploads\/2025\/10\/Capture-decran-2025-10-20-a-13.58.48-300x272.png 300w\" sizes=\"auto, (max-width: 987px) 100vw, 987px\" \/><\/a><\/div><div class=\"w-vwrapper usg_vwrapper_1 align_none valign_top\"><h3 class=\"w-post-elm post_title usg_post_title_1 entry-title color_link_inherit\"><a href=\"https:\/\/labo.agencenemo.fr\/BDM\/?p=586\">Le d\u00e9pliant 3 volets : un support clair, compact et valorisant<\/a><\/h3><div class=\"w-post-elm post_content usg_post_content_1\">Alliant lisibilit\u00e9, \u00e9l\u00e9gance et praticit\u00e9, le d\u00e9pliant 3 volets est un support de communication incontournable pour pr\u00e9senter votre activit\u00e9, vos\u2026<\/div><\/div>\t\t<\/div>\r\n\t\t\t<\/article>\r\n\t<article class=\"w-grid-item size_1x1 post-583 post type-post status-publish format-standard has-post-thumbnail hentry category-non-classe\" data-id=\"583\">\r\n\t\t<div class=\"w-grid-item-h\">\r\n\t\t\t\t\t\t<div class=\"w-post-elm post_image usg_post_image_1 stretched\"><a href=\"https:\/\/labo.agencenemo.fr\/BDM\/?p=583\" aria-label=\"Le bloc-notes personnalis\u00e9 : l\u2019alli\u00e9 pratique et visible de votre communication\"><img loading=\"lazy\" decoding=\"async\" width=\"854\" height=\"981\" src=\"https:\/\/labo.agencenemo.fr\/BDM\/wp-content\/uploads\/2025\/10\/Capture-decran-2025-10-20-a-13.58.55.png\" class=\"attachment-large size-large wp-post-image\" alt=\"\" srcset=\"https:\/\/labo.agencenemo.fr\/BDM\/wp-content\/uploads\/2025\/10\/Capture-decran-2025-10-20-a-13.58.55.png 854w, https:\/\/labo.agencenemo.fr\/BDM\/wp-content\/uploads\/2025\/10\/Capture-decran-2025-10-20-a-13.58.55-261x300.png 261w\" sizes=\"auto, (max-width: 854px) 100vw, 854px\" \/><\/a><\/div><div class=\"w-vwrapper usg_vwrapper_1 align_none valign_top\"><h3 class=\"w-post-elm post_title usg_post_title_1 entry-title color_link_inherit\"><a href=\"https:\/\/labo.agencenemo.fr\/BDM\/?p=583\">Le bloc-notes personnalis\u00e9 : l\u2019alli\u00e9 pratique et visible de votre communication<\/a><\/h3><div class=\"w-post-elm post_content usg_post_content_1\">\u00c0 la fois utile, esth\u00e9tique et discret, le bloc-notes personnalis\u00e9 est un support de communication incontournable. Pr\u00e9sent sur les bureaux,\u2026<\/div><\/div>\t\t<\/div>\r\n\t\t\t<\/article>\r\n\t<article class=\"w-grid-item size_1x1 post-580 post type-post status-publish format-standard has-post-thumbnail hentry category-non-classe\" data-id=\"580\">\r\n\t\t<div class=\"w-grid-item-h\">\r\n\t\t\t\t\t\t<div class=\"w-post-elm post_image usg_post_image_1 stretched\"><a href=\"https:\/\/labo.agencenemo.fr\/BDM\/?p=580\" aria-label=\"L\u2019enveloppe personnalis\u00e9e : un petit d\u00e9tail qui fait toute la diff\u00e9rence\"><img loading=\"lazy\" decoding=\"async\" width=\"856\" height=\"830\" src=\"https:\/\/labo.agencenemo.fr\/BDM\/wp-content\/uploads\/2025\/10\/Capture-decran-2025-10-20-a-13.59.02.png\" class=\"attachment-large size-large wp-post-image\" alt=\"\" srcset=\"https:\/\/labo.agencenemo.fr\/BDM\/wp-content\/uploads\/2025\/10\/Capture-decran-2025-10-20-a-13.59.02.png 856w, https:\/\/labo.agencenemo.fr\/BDM\/wp-content\/uploads\/2025\/10\/Capture-decran-2025-10-20-a-13.59.02-300x291.png 300w\" sizes=\"auto, (max-width: 856px) 100vw, 856px\" \/><\/a><\/div><div class=\"w-vwrapper usg_vwrapper_1 align_none valign_top\"><h3 class=\"w-post-elm post_title usg_post_title_1 entry-title color_link_inherit\"><a href=\"https:\/\/labo.agencenemo.fr\/BDM\/?p=580\">L\u2019enveloppe personnalis\u00e9e : un petit d\u00e9tail qui fait toute la diff\u00e9rence<\/a><\/h3><div class=\"w-post-elm post_content usg_post_content_1\">Souvent per\u00e7ue comme un simple support d\u2019exp\u00e9dition, l\u2019enveloppe est pourtant le premier contact visuel avec votre destinataire. Avant m\u00eame l\u2019ouverture\u2026<\/div><\/div>\t\t<\/div>\r\n\t\t\t<\/article>\r\n<\/div><div class=\"w-grid-preloader\">\t<div class=\"g-preloader type_1\">\r\n\t\t<div><\/div>\r\n\t<\/div>\r\n\t<\/div>\t<div class=\"w-grid-json hidden\" onclick='return {&quot;action&quot;:&quot;us_ajax_grid&quot;,&quot;infinite_scroll&quot;:0,&quot;max_num_pages&quot;:1,&quot;pagination&quot;:&quot;none&quot;,&quot;template_vars&quot;:{&quot;columns&quot;:&quot;3&quot;,&quot;exclude_items&quot;:&quot;none&quot;,&quot;img_size&quot;:&quot;default&quot;,&quot;ignore_items_size&quot;:0,&quot;items_layout&quot;:&quot;175&quot;,&quot;items_offset&quot;:&quot;1&quot;,&quot;load_animation&quot;:&quot;none&quot;,&quot;overriding_link&quot;:&quot;%7B%22url%22%3A%22%22%7D&quot;,&quot;post_id&quot;:0,&quot;query_args&quot;:{&quot;post_type&quot;:[&quot;post&quot;],&quot;post_status&quot;:[&quot;publish&quot;],&quot;posts_per_page&quot;:&quot;9&quot;},&quot;orderby_query_args&quot;:{&quot;orderby&quot;:{&quot;date&quot;:&quot;DESC&quot;}},&quot;type&quot;:&quot;grid&quot;,&quot;us_grid_post_type&quot;:&quot;post&quot;,&quot;us_grid_ajax_index&quot;:1,&quot;us_grid_filter_query_string&quot;:null,&quot;us_grid_index&quot;:1,&quot;page_args&quot;:[]}}'><\/div>\r\n\t<\/div><\/div><\/div><\/div><\/div><\/section>\n","protected":false},"excerpt":{"rendered":"Souvent per\u00e7ue comme un simple support d\u2019exp\u00e9dition, l\u2019enveloppe est pourtant le premier contact visuel avec votre destinataire. Avant m\u00eame l\u2019ouverture du courrier, elle v\u00e9hicule d\u00e9j\u00e0 l\u2019image de votre entreprise. 1. La premi\u00e8re impression compte Une enveloppe personnalis\u00e9e attire l\u2019attention, \u00e9veille la curiosit\u00e9 et permet \u00e0 votre marque d\u2019\u00eatre imm\u00e9diatement reconnue. C\u2019est un moyen simple et...","protected":false},"author":1,"featured_media":0,"parent":0,"menu_order":0,"comment_status":"closed","ping_status":"closed","template":"","meta":{"footnotes":""},"class_list":["post-127","page","type-page","status-publish","hentry"],"_links":{"self":[{"href":"https:\/\/labo.agencenemo.fr\/BDM\/index.php?rest_route=\/wp\/v2\/pages\/127","targetHints":{"allow":["GET"]}}],"collection":[{"href":"https:\/\/labo.agencenemo.fr\/BDM\/index.php?rest_route=\/wp\/v2\/pages"}],"about":[{"href":"https:\/\/labo.agencenemo.fr\/BDM\/index.php?rest_route=\/wp\/v2\/types\/page"}],"author":[{"embeddable":true,"href":"https:\/\/labo.agencenemo.fr\/BDM\/index.php?rest_route=\/wp\/v2\/users\/1"}],"replies":[{"embeddable":true,"href":"https:\/\/labo.agencenemo.fr\/BDM\/index.php?rest_route=%2Fwp%2Fv2%2Fcomments&post=127"}],"version-history":[{"count":3,"href":"https:\/\/labo.agencenemo.fr\/BDM\/index.php?rest_route=\/wp\/v2\/pages\/127\/revisions"}],"predecessor-version":[{"id":285,"href":"https:\/\/labo.agencenemo.fr\/BDM\/index.php?rest_route=\/wp\/v2\/pages\/127\/revisions\/285"}],"wp:attachment":[{"href":"https:\/\/labo.agencenemo.fr\/BDM\/index.php?rest_route=%2Fwp%2Fv2%2Fmedia&parent=127"}],"curies":[{"name":"wp","href":"https:\/\/api.w.org\/{rel}","templated":true}]}}

Actualités

<section class="l-section wpb_row us_custom_8b3d6790 has_text_color height_auto width_custom" style="--site-content-width:900px;"><div class="l-section-overlay" style="background:var(--color-content-primary)"></div><div class="l-section-h i-cf"><div class="g-cols vc_row via_grid cols_1 laptops-cols_inherit tablets-cols_inherit mobiles-cols_1 valign_top type_default stacking_default"><div class="wpb_column vc_column_container"><div class="vc_column-inner"><div class="w-separator size_small"></div>[vc_custom_heading text= »Nos Actualités » font_container= »tag:h1|text_align:left » use_theme_fonts= »yes » css= »%7B%22default%22%3A%7B%22margin-bottom%22%3A%220px%22%2C%22padding-bottom%22%3A%220px%22%7D%7D »][vc_custom_heading text= »Restez Informé sur l’Univers de l’Impression » css= »%7B%22default%22%3A%7B%22font-family%22%3A%22Roboto%20Condensed%22%2C%22font-weight%22%3A%22100%22%2C%22margin-top%22%3A%220px%22%2C%22padding-top%22%3A%220px%22%7D%7D »]</div></div></div></div></section><section class="l-section wpb_row us_custom_8b3d6790 has_text_color height_auto width_custom" style="--site-content-width:900px;"><div class="l-section-overlay" style="background:var(--color-content-primary)"></div><div class="l-section-h i-cf"><div class="g-cols vc_row via_grid cols_1 laptops-cols_inherit tablets-cols_inherit mobiles-cols_1 valign_top type_default stacking_default"><div class="wpb_column vc_column_container"><div class="vc_column-inner"><div class="w-separator size_small"></div><div class="wpb_text_column"><div class="wpb_wrapper"><div>
<p><span>Bienvenue sur le</span><span class="apple-converted-space"><span> </span></span><strong><span>blog de BDM Imprimeurs</span></strong><span>, votre espace dédié à l’<strong>actualité du monde de l’impression</strong>, aux</span><span class="apple-converted-space"><span> </span></span><strong><span>conseils d’experts</span></strong><span class="apple-converted-space"><span> </span></span><span>et aux</span><span class="apple-converted-space"><span> </span></span><strong><span>dernières innovations technologiques</span></strong><span>.</span></p>
</div>
<div><span>Que vous soyez professionnel du secteur, entrepreneur ou simplement curieux d’en savoir plus sur les </span><strong><span>meilleures pratiques en impression</span></strong><span>, nous partageons ici notre expertise pour vous aider à optimiser vos supports et faire les meilleurs choix pour vos projets.</span></div>
</div></div><div class="w-separator size_medium"></div></div></div></div></div></section><section class="l-section wpb_row height_medium"><div class="l-section-h i-cf"><div class="g-cols vc_row via_grid cols_1 laptops-cols_inherit tablets-cols_inherit mobiles-cols_1 valign_middle type_default stacking_default"><div class="wpb_column vc_column_container"><div class="vc_column-inner"><div class="w-grid type_grid layout_175 cols_3 overflow_hidden" id="us_grid_1" style="--columns:3;--gap:1rem;" data-filterable="true"><style>@media (max-width:1024px){#us_grid_1{--columns:2!important}}@media (max-width:600px){#us_grid_1{--columns:1!important}}.layout_175 .w-grid-item-h{background:var(--color-content-bg);color:var(--color-content-text);border-radius:0.3rem;box-shadow:0 0.03rem 0.06rem rgba(0,0,0,0.1),0 0.1rem 0.3rem rgba(0,0,0,0.1);transition-duration:0.3s}.no-touch .layout_175 .w-grid-item-h:hover{box-shadow:0 0.1rem 0.2rem rgba(0,0,0,0.1),0 0.33rem 1rem rgba(0,0,0,0.15);z-index:4}.layout_175 .usg_post_image_1{margin-bottom:-2rem!important}.layout_175 .usg_post_title_1{font-size:1.6rem!important;line-height:1!important;font-weight:700!important}.layout_175 .usg_vwrapper_1{margin-top:2rem!important;padding:9% 11% 11% 11%!important}@media (max-width:600px){.layout_175 .usg_post_title_1{font-size:1.2rem!important}}</style><div class="w-grid-list">	<article class="w-grid-item size_1x1 post-589 post type-post status-publish format-standard has-post-thumbnail hentry category-non-classe" data-id="589">
		<div class="w-grid-item-h">
						<div class="w-post-elm post_image usg_post_image_1 stretched"><a href="https://labo.agencenemo.fr/BDM/?p=589" aria-label="Le flyer A5 : le support incontournable pour une communication percutante"><img loading="lazy" decoding="async" width="784" height="959" src="https://labo.agencenemo.fr/BDM/wp-content/uploads/2025/10/Capture-decran-2025-10-20-a-13.58.39.png" class="attachment-large size-large wp-post-image" alt="" srcset="https://labo.agencenemo.fr/BDM/wp-content/uploads/2025/10/Capture-decran-2025-10-20-a-13.58.39.png 784w, https://labo.agencenemo.fr/BDM/wp-content/uploads/2025/10/Capture-decran-2025-10-20-a-13.58.39-245x300.png 245w" sizes="auto, (max-width: 784px) 100vw, 784px" /></a></div><div class="w-vwrapper usg_vwrapper_1 align_none valign_top"><h3 class="w-post-elm post_title usg_post_title_1 entry-title color_link_inherit"><a href="https://labo.agencenemo.fr/BDM/?p=589">Le flyer A5 : le support incontournable pour une communication percutante</a></h3><div class="w-post-elm post_content usg_post_content_1">Compact, clair et efficace, le flyer A5 reste l’un des outils les plus performants pour faire passer un message rapidement…</div></div>		</div>
			</article>
	<article class="w-grid-item size_1x1 post-586 post type-post status-publish format-standard has-post-thumbnail hentry category-non-classe" data-id="586">
		<div class="w-grid-item-h">
						<div class="w-post-elm post_image usg_post_image_1 stretched"><a href="https://labo.agencenemo.fr/BDM/?p=586" aria-label="Le dépliant 3 volets : un support clair, compact et valorisant"><img loading="lazy" decoding="async" width="987" height="895" src="https://labo.agencenemo.fr/BDM/wp-content/uploads/2025/10/Capture-decran-2025-10-20-a-13.58.48.png" class="attachment-large size-large wp-post-image" alt="" srcset="https://labo.agencenemo.fr/BDM/wp-content/uploads/2025/10/Capture-decran-2025-10-20-a-13.58.48.png 987w, https://labo.agencenemo.fr/BDM/wp-content/uploads/2025/10/Capture-decran-2025-10-20-a-13.58.48-300x272.png 300w" sizes="auto, (max-width: 987px) 100vw, 987px" /></a></div><div class="w-vwrapper usg_vwrapper_1 align_none valign_top"><h3 class="w-post-elm post_title usg_post_title_1 entry-title color_link_inherit"><a href="https://labo.agencenemo.fr/BDM/?p=586">Le dépliant 3 volets : un support clair, compact et valorisant</a></h3><div class="w-post-elm post_content usg_post_content_1">Alliant lisibilité, élégance et praticité, le dépliant 3 volets est un support de communication incontournable pour présenter votre activité, vos…</div></div>		</div>
			</article>
	<article class="w-grid-item size_1x1 post-583 post type-post status-publish format-standard has-post-thumbnail hentry category-non-classe" data-id="583">
		<div class="w-grid-item-h">
						<div class="w-post-elm post_image usg_post_image_1 stretched"><a href="https://labo.agencenemo.fr/BDM/?p=583" aria-label="Le bloc-notes personnalisé : l’allié pratique et visible de votre communication"><img loading="lazy" decoding="async" width="854" height="981" src="https://labo.agencenemo.fr/BDM/wp-content/uploads/2025/10/Capture-decran-2025-10-20-a-13.58.55.png" class="attachment-large size-large wp-post-image" alt="" srcset="https://labo.agencenemo.fr/BDM/wp-content/uploads/2025/10/Capture-decran-2025-10-20-a-13.58.55.png 854w, https://labo.agencenemo.fr/BDM/wp-content/uploads/2025/10/Capture-decran-2025-10-20-a-13.58.55-261x300.png 261w" sizes="auto, (max-width: 854px) 100vw, 854px" /></a></div><div class="w-vwrapper usg_vwrapper_1 align_none valign_top"><h3 class="w-post-elm post_title usg_post_title_1 entry-title color_link_inherit"><a href="https://labo.agencenemo.fr/BDM/?p=583">Le bloc-notes personnalisé : l’allié pratique et visible de votre communication</a></h3><div class="w-post-elm post_content usg_post_content_1">À la fois utile, esthétique et discret, le bloc-notes personnalisé est un support de communication incontournable. Présent sur les bureaux,…</div></div>		</div>
			</article>
	<article class="w-grid-item size_1x1 post-580 post type-post status-publish format-standard has-post-thumbnail hentry category-non-classe" data-id="580">
		<div class="w-grid-item-h">
						<div class="w-post-elm post_image usg_post_image_1 stretched"><a href="https://labo.agencenemo.fr/BDM/?p=580" aria-label="L’enveloppe personnalisée : un petit détail qui fait toute la différence"><img loading="lazy" decoding="async" width="856" height="830" src="https://labo.agencenemo.fr/BDM/wp-content/uploads/2025/10/Capture-decran-2025-10-20-a-13.59.02.png" class="attachment-large size-large wp-post-image" alt="" srcset="https://labo.agencenemo.fr/BDM/wp-content/uploads/2025/10/Capture-decran-2025-10-20-a-13.59.02.png 856w, https://labo.agencenemo.fr/BDM/wp-content/uploads/2025/10/Capture-decran-2025-10-20-a-13.59.02-300x291.png 300w" sizes="auto, (max-width: 856px) 100vw, 856px" /></a></div><div class="w-vwrapper usg_vwrapper_1 align_none valign_top"><h3 class="w-post-elm post_title usg_post_title_1 entry-title color_link_inherit"><a href="https://labo.agencenemo.fr/BDM/?p=580">L’enveloppe personnalisée : un petit détail qui fait toute la différence</a></h3><div class="w-post-elm post_content usg_post_content_1">Souvent perçue comme un simple support d’expédition, l’enveloppe est pourtant le premier contact visuel avec votre destinataire. Avant même l’ouverture…</div></div>		</div>
			</article>
</div><div class="w-grid-preloader">	<div class="g-preloader type_1">
		<div></div>
	</div>
	</div>	<div class="w-grid-json hidden" onclick='return {&quot;action&quot;:&quot;us_ajax_grid&quot;,&quot;infinite_scroll&quot;:0,&quot;max_num_pages&quot;:1,&quot;pagination&quot;:&quot;none&quot;,&quot;template_vars&quot;:{&quot;columns&quot;:&quot;3&quot;,&quot;exclude_items&quot;:&quot;none&quot;,&quot;img_size&quot;:&quot;default&quot;,&quot;ignore_items_size&quot;:0,&quot;items_layout&quot;:&quot;175&quot;,&quot;items_offset&quot;:&quot;1&quot;,&quot;load_animation&quot;:&quot;none&quot;,&quot;overriding_link&quot;:&quot;%7B%22url%22%3A%22%22%7D&quot;,&quot;post_id&quot;:0,&quot;query_args&quot;:{&quot;post_type&quot;:[&quot;post&quot;],&quot;post_status&quot;:[&quot;publish&quot;],&quot;posts_per_page&quot;:&quot;9&quot;},&quot;orderby_query_args&quot;:{&quot;orderby&quot;:{&quot;date&quot;:&quot;DESC&quot;}},&quot;type&quot;:&quot;grid&quot;,&quot;us_grid_post_type&quot;:&quot;post&quot;,&quot;us_grid_ajax_index&quot;:1,&quot;us_grid_filter_query_string&quot;:null,&quot;us_grid_index&quot;:1,&quot;page_args&quot;:[]}}'></div>
	</div></div></div></div></div></section>

Souvent perçue comme un simple support d’expédition, l’enveloppe est pourtant le premier contact visuel avec votre destinataire. Avant même l’ouverture du courrier, elle véhicule déjà l’image de votre entreprise. 1. La première impression compte Une enveloppe personnalisée attire l’attention, éveille la curiosité et permet à votre marque d’être immédiatement reconnue. C’est un moyen simple et...
